k**3/3 - k**2 - 34*k - 645. What is a(5)?
6
Let x(n) be the first derivative of -n**4/4 + 3*n**3 - 3*n**2 - 5*n - 1412. Give x(6).
67
Let i(h) be the first derivative of -h**3/3 + 7*h**2/2 + 2*h - 1. Let l be (267/(-6))/(5/10). Let m = l - -96. Calculate i(m).
2
Suppose 5*d + 4*a = 72, 9*d - 2*a - 6 = 8*d. Let v be d/(-54) - -104*5/(-90). Let p(w) = -3*w - 12. Calculate p(v).
6
Let t(k) = k**2 + 11*k + 13. Let d = 29251 - 29259. Determine t(d).
-11
Let d(v) be the third derivative of v**6/120 - v**5/15 + v**4/6 - 7*v**3/6 - 2217*v**2. What is d(3)?
-4
Let y(j) = -143*j**2 - 61*j + 24*j + 45 + 142*j**2 + 31*j + 70. Calculate y(-14).
3
Suppose -85*a + 89*a - 56 = 0. Suppose -a*s + 5*s = 36. Let y(p) = p**2 + 5*p + 4. Give y(s).
0
Let r(c) = 21*c - c**3 + 7*c - 15 - 14*c**2 - 2 - 31*c. Calculate r(-14).
25
Suppose -3*g + 492 = 543. Let x(u) = u**3 + 17*u**2 + 4*u - 21. Calculate x(g).
-89
Let w(n) = 12*n**2 - 14*n + 17. Let v(b) = -10*b**2 + 14*b - 16. Let z(c) = 7*v(c) + 6*w(c). Determine z(-9).
26
Let n(u) = 2*u**2 + 2*u - 2. Suppose 17*t + 340*t + 714 = 0. What is n(t)?
2
Let m(j) = -j**3 - 11*j**2 + 12*j + 11. Let q be m(-12). Suppose -a - q = -15. Let h(l) = 8 + 2*l - a + 0. Calculate h(-5).
-6
Let d(w) = w**2 - 24*w + 39. Let v be d(22). Let y(o) = -o**3 - 7*o**2 + 2*o + 9. Give y(v).
-51
Let j(g) = 38*g. Suppose 8 - 4 = 4*f. Let l be j(f). Suppose -l*h + 33*h = 10. Let v(z) = -2*z**2 - 1. Give v(h).
-9
Let z(u) = -u**2 - 8*u - 9. Let t be z(-6). Let f(k) be the third derivative of -k**6/120 + k**5/20 + k**4/24 + k**3/3 - 4353*k**2. Give f(t).
5
Let v(y) = -1 - y - y + 3*y. Suppose 2068*q = 2008*q + 120. Calculate v(q).
1
Suppose -2*p + 32 = 4*i, -4*i + 3*p - 11 + 43 = 0. Let a(y) = y**2 - y**2 + 3*y**2 - 4*y**2 - i + 5*y. Calculate a(6).
-14
Let g(c) = -c**2 + 54*c + 8. Let b be g(54). Let d(t) = -t**2 + 12*t - 10. What is d(b)?
22
Suppose -6 = -0*q + 3*q. Suppose -55 = -9*k - 37. Let v(g) = -1 - 3*g - 4*g - 3*g**k + 3*g + 2*g. Give v(q).
-9
Let f be 2*3*6*8/96. Let j be 0 - ((-1)/f)/((-2)/(-18)). Suppose 8 = -j*t - 3*y - 4, -t + y = 8. Let x(u) = -u - 6. Determine x(t).
0
Let r = -578 - -594. Let w be (-10)/(-20)*(r - (0 - 2)). Let p(a) = -2*a + 20. Calculate p(w).
2
Let m(k) = 1058*k - 5*k**3 + 8*k**3 - 6*k**2 - 1062*k - 6 - 4*k**3. What is m(-5)?
-11
Let z(u) = 3*u**2 - 5*u + 5. Let v be z(2). Let o(d) = -2*d**3 + v*d**2 - 2 - 13*d**3 + 1 - 5*d**2. Suppose 5*c = -0*c - 5. What is o(c)?
16
Let n be 4/12 - (700/15)/(-7). Let b(t) be the third derivative of t**6/120 - 2*t**5/15 + t**4/4 - 3*t**3/2 - 2*t**2. Calculate b(n).
-16
Let z(h) = 2*h - 7. Let j be z(7). Let i(y) = -2*y**2 + 6*y**2 + 2*y**2 - 3 + 48*y**3 + 4*y - 49*y**3 - 5. Give i(j).
-29
Let j(u) = u**3 - 16*u**2 + 16*u - 24. Suppose 2*n - 21 = 4 + 5. What is j(n)?
-9
Let k(t) = t**3 - 53*t**2 - 46*t - 334. Let l be k(54). Let q(s) = 34*s + 4. Let f be q(-3). Let r = f + l. Let g(w) = w**3 - 2. Give g(r).
-2
Suppose -12*c - 631 + 487 = 0. Let z(q) = -2*q - q + 5*q + 26. What is z(c)?
2
Let r(l) = l**3 - 8*l**2 - 9*l + 6. Let o be r(9). Let w be o + (0 + 1 - 0). Let z(y) be the first derivative of y**3/3 - 7*y**2/2 - 7*y - 852. Calculate z(w).
-7
Let m(r) = 6*r**2 - 6*r - 17. Let f(q) = 200*q + 1198. Let b be f(-6). Determine m(b).
19
Let z(q) = q. Let n = -1464 - -985. Let m = n + 486. Determine z(m).
7
Let y(s) = 5*s - 23. Suppose 2*c = 3*k + 11, 3*c - 5*k = 8*c - 40. Give y(c).
12
Let z(t) = t + 1. Let k(g) be the second derivative of g**4/12 - g**3/2 - g**2 - 7*g. Let l(c) = 2*k(c) + 6*z(c). Suppose 19*w - 6 = 32. Determine l(w).
10
Let k(u) = u - 1. Let i be k(6). Let f(s) = -277*s + 545*s - 272*s. Let j(a) = -3*a. Let b(r) = i*f(r) - 7*j(r). Give b(3).
3
Let a(x) = -x**3 - 3*x**2 - 2*x + 2. Let g(p) = -p**2 - 6*p + 3. Suppose -1 = 4*d - f + 31, 0 = d + 3*f - 5. Let w be g(d). Determine a(w).
26
Let y(s) = s**3 - 2*s**2 - 3*s + 19. Let q(j) = 665*j + 2660. Let c be q(-4). Determine y(c).
19
Suppose 3 = -0*l + l. Let y(a) = -a + 45*a**2 - 103*a**2 + 55*a**2 + 2*a**3. Give y(l).
24
Let b be (189/(-147))/(12/(-56)). Let i(f) be the third derivative of f**6/120 - f**5/12 - 7*f**4/24 - f**3/3 - f**2. Calculate i(b).
-8
Let v(x) = x - 1. Let n = 327 - 329. Let i be v(n). Let r(a) = 1 - 1 - 1 + 6*a. What is r(i)?
-19
Let i = 11107 + -6079. Let t(f) = 2511 - i - f + 2513. What is t(-8)?
4
Let w = -26 + 29. Suppose -w*f + f + 0*f = 0. Suppose 4*r - 24 = -6*k + 3*k, f = 4*k. Let u(m) = -m**3 + 5*m**2 + 7*m - 9. Determine u(r).
-3
Let h(p) = -p + 5. Let f(y) = -20*y + 8. Let o(v) = 2*v**2 + 36*v. Let q be o(-18). Let g be f(q). Calculate h(g).
-3
Let q(t) = t**2 - 3*t - 4. Suppose -4*m - 1 = k, -12*m - 4 = 37*k - 33*k. Give q(k).
0
Let r = -125 + 178. Suppose 0 = 17*u - 100 - r. Let b(a) = a**3 - 9*a**2 + 2. What is b(u)?
2
Suppose 0 = -5*c + 10 - 0. Suppose -c*r = -4*r - 8. Let d(v) be the first derivative of -v**2 - 3*v - 22. Determine d(r).
5
Let k = -30 + 28. Let z(m) = -1 + m**2 - 5*m + 5*m + 0. Let b(u) = 2*u**3 + 8*u**2 + 2*u - 3. Let g(s) = b(s) - 5*z(s). Determine g(k).
-6
Let f(u) = -u**3 - 2*u**2 + u + 6. Let a be f(-2). Let i(o) = -o - 7 - a*o**2 + 5*o**2 + 13 + 1. Calculate i(0).
7
Suppose 0 = 27*i - 24*i. Suppose i = -12*n + 10*n + 8. Let s(z) = 2*z - 4. Determine s(n).
4
Let s(o) = o**2 + 13*o - 10. Let f be s(-14). Let y = 120 + -111. Let z(r) = -12*r - 5*r - y*r + 27*r. Give z(f).
4
Let v(o) = 2*o + 135. Let r be v(-52). Let j(u) be the first derivative of r + 8/3*u**3 - 4*u**2 + 8*u - 1/4*u**4. Determine j(7).
1
Let b(n) = -2*n**2 - 58*n - 24. Suppose 82*a - 149*a + 85*a = -504. Calculate b(a).
32
Let o be (2/(-6))/((-5)/15). Let u(x) = 18*x**3 + 2*x**2 + 9*x - 9. Let c(y) = y - 4 + 11*y + y**2 + 9*y**3 - 8*y. Let i(s) = -9*c(s) + 4*u(s). Calculate i(o).
-10
Let l(i) = -i**3 - 19*i**2 + 2*i + 39. Let y be (-1798)/93 - -1*(-2)/(-6). Let p be l(y). Let a(x) = -13*x. Give a(p).
-13
Let z(i) = -2*i**3 + 78*i**2 - 148*i + 2. Let v be ((-264)/330)/(16/(-740)). Give z(v).
2
Let i be (-252)/(-21)*15/12. Let s(n) = 3*n - 39. Calculate s(i).
6
Let a(t) be the third derivative of -t**5/60 - 5*t**4/24 - 13*t**3/6 + 4*t**2 - 37. Calculate a(-9).
-49
Let h(s) = -20*s**3 - 14*s**2 - 17*s - 29. Let t(l) = -10*l**3 - 8*l**2 - 9*l - 16. Let a(x) = -6*h(x) + 11*t(x). What is a(2)?
68
Let i(k) be the first derivative of -k**6/120 + 2*k**5/15 - 5*k**4/12 + 8*k**3/3 + k**2 - 35*k + 110. Let n(a) be the second derivative of i(a). Determine n(7).
-5
Let s(a) = -a**3 + 4*a**2 + 8*a - 9. Let z(m) = 199*m + 204. Let o be z(-1). What is s(o)?
6
Let b = 107 - -421. Let y = -531 + b. Let h(q) = -q**3 - 2*q**2 + 2*q + 1. Give h(y).
4
Let c(q) = -q**2 + 13*q + 14. Let k be 35/15 - 718/(-6). Let t be (-4)/20 - k/(-10). Give c(t).
26
Let f be 2 - -2 - -20*(-5)/(-2). Let p = f + -51. Let b(k) = 25 + 22 - 40 - p*k. Calculate b(7).
-14
Let h(f) = f**2 + 7*f - 4. Let t(x) = x**2 + 6*x - 5. Let z(j) = 2*h(j) - 3*t(j). Let k = 213 + -189. Let r = -30 + k. Determine z(r).
-5
Let v(t) = -t**3 - 9*t**2 - 15*t - 16. Suppose 248*r + 315 + 1421 = 0. Calculate v(r).
-9
Let z = 250 + -185. Let t(p) = -35 - 17 + p**2 + z + 6*p. Calculate t(-6).
13
Suppose -129*c + 120 = 10*c - 158. Let q(y) be the second derivative of y**c - 11*y + 1/3*y**3 + 0. Give q(-3).
-4
Let h(c) = -2*c + 2. Let n = -3377 + 3374. Determine h(n).
8
Let p(f) = -118*f**2 + 38*f + 32. Let z(y) = -142*y**2 + 37*y + 34. Let a(n) = -6*p(n) + 5*z(n). Give a(-21).
-1
Let y(z) be the second derivative of -4*z**2 + 1/6*z**3 + 65*z + 0. Give y(7).
-1
Let o(b) = -5*b**2 + 7. Let c = -1533 - -1539. Let k(l) be the second derivative of 3*l**4/4 - 13*l**2/2 - 2*l. Let w(j) = c*k(j) + 11*o(j). What is w(4)?
-17
Let h = -14304 - -14309. Let w(z) be the second derivative of 1/6*z**3 + 0*z**2 + h*z + 0. Give w(-6).
-6
Let u(r) be the third derivative of r**6/120 + r**5/12 + r**3 + 149*r**2. Let z(f) = 4*f - 5. Let k be z(0). Calculate u(k).
6
Suppose 1179 - 1151 = -7*w. Let v(o) = -2*o**3 - 6*o**2 - 5*o - 9. Calculate v(w).
43
Let j(x) be the third derivative of -x**5/60 - 11*x**4/24 + 5*x**3/6 + 2*x**2 + 874*x. Let r(a) = a**2 - 10*a + 6. Let m be r(8). What is j(m)?
15
Let y(j) = j**3 + 12*j**2 + 8*j + 102. Let z be y(-12). Let t be (-912)/342 - (-1)/(z/4). 